{"id":53,"date":"2015-04-09T13:41:25","date_gmt":"2015-04-09T11:41:25","guid":{"rendered":"http:\/\/novy.jazzpiestany.sk\/?page_id=53"},"modified":"2016-07-08T10:37:30","modified_gmt":"2016-07-08T08:37:30","slug":"festival-doda-sosoku","status":"publish","type":"page","link":"http:\/\/www.jazzpiestany.sk\/?page_id=53","title":{"rendered":"FESTIVAL DODA \u0160O\u0160OKU"},"content":{"rendered":"<div class=\"td-post-featured-image\"><a class=\"td-modal-image\" href=\"http:\/\/www.pnky.sk\/wp-content\/uploads\/2016\/07\/lori_1843-1.jpg\" data-caption=\"\"><img loading=\"lazy\" class=\"entry-thumb td-animation-stack-type0-2 aligncenter\" title=\"lori_1843 (1)\" src=\"http:\/\/www.pnky.sk\/wp-content\/uploads\/2016\/07\/lori_1843-1-640x225.jpg\" alt=\"\" width=\"640\" height=\"225\" \/><\/a><\/div>\n<div class=\"td-a-rec td-a-rec-id-content_top \"><\/div>\n<p><strong>Festival Doda \u0160o\u0161oku sa tento rok op\u00e4\u0165 pres\u0165ahoval na terasu Kursalonu a\u00a0potrv\u00e1 po\u010das cel\u00e9ho j\u00fala a\u00a0augusta. Pripravili sme pre milovn\u00edkov jazzu 10 koncertov so zvu\u010dn\u00fdmi menami d\u017eezovej sc\u00e9ny a\u00a0v\u00a0lete pokra\u010duj\u00fa aj pravideln\u00e9 pondelkov\u00e9 Jam Session. Posledn\u00fd koncert sa konal \u0161tvrtok 7. j\u00fala koncertom Christian Havel International Band so spev\u00e1\u010dkou <a href=\"http:\/\/www.lorijazz.com\/\">Lori Williams<\/a> (USA), hlavnou vokalistou Washington-based jazz ensemble.<\/strong><\/p>\n<p><img loading=\"lazy\" class=\"size-large wp-image-167371 td-animation-stack-type0-2 aligncenter\" src=\"http:\/\/www.pnky.sk\/wp-content\/uploads\/2016\/07\/FDS2016_plagat_A5-page-001-1-560x793.jpg\" sizes=\"(max-width: 560px) 100vw, 560px\" srcset=\"http:\/\/www.pnky.sk\/wp-content\/uploads\/2016\/07\/FDS2016_plagat_A5-page-001-1-212x300.jpg 212w, http:\/\/www.pnky.sk\/wp-content\/uploads\/2016\/07\/FDS2016_plagat_A5-page-001-1-768x1088.jpg 768w, http:\/\/www.pnky.sk\/wp-content\/uploads\/2016\/07\/FDS2016_plagat_A5-page-001-1-560x793.jpg 560w, http:\/\/www.pnky.sk\/wp-content\/uploads\/2016\/07\/FDS2016_plagat_A5-page-001-1-640x907.jpg 640w, http:\/\/www.pnky.sk\/wp-content\/uploads\/2016\/07\/FDS2016_plagat_A5-page-001-1-681x965.jpg 681w\" alt=\"FDS2016_plagat_A5-page-001 (1)\" width=\"560\" height=\"793\" \/>\u201eZa\u010dali sme 1.7.2016 skvel\u00fdm koncertom tentetu Michala Mot\u00fd\u013ea a 7.7.2016\u00a0 medzin\u00e1rodn\u00fdm projektom: Christian Havel International Band s\u00a0vynikaj\u00facou spev\u00e1\u010dkou Lori Williams (USA). Pripravili sme pre v\u00e1s \u010fal\u0161\u00edch 10 koncertov a\u00a0pondelkov\u00e9 jam session. Pr\u00ed\u010fte str\u00e1vi\u0165 pr\u00edjemn\u00e9 ve\u010dery na terase Kursal\u00f3nu a\u00a0vypo\u010du\u0165 si svetov\u00fd jazz,\u201c poz\u00fdvaj\u00fa n\u00e1v\u0161tevn\u00edkov organiz\u00e1tori z\u00a0International jazz Pie\u0161\u0165any n.o.<\/p>\n<div class=\"td-a-rec td-a-rec-id-content_inlineleft \"><\/div>\n<p>-inf-, foto: arch\u00edv Lori Williams<\/p>\n","protected":false},"excerpt":{"rendered":"<p>Festival Doda \u0160o\u0161oku sa tento rok op\u00e4\u0165 pres\u0165ahoval na terasu Kursalonu a\u00a0potrv\u00e1 po\u010das cel\u00e9ho j\u00fala a\u00a0augusta. Pripravili sme pre milovn\u00edkov jazzu 10 koncertov so zvu\u010dn\u00fdmi menami d\u017eezovej sc\u00e9ny a\u00a0v\u00a0lete pokra\u010duj\u00fa aj pravideln\u00e9 pondelkov\u00e9 Jam Session. Posledn\u00fd koncert sa konal \u0161tvrtok&#8230;<br \/><a class=\"read-more-button\" href=\"http:\/\/www.jazzpiestany.sk\/?page_id=53\">Read more<\/a><\/p>\n","protected":false},"author":1,"featured_media":0,"parent":0,"menu_order":0,"comment_status":"closed","ping_status":"open","template":"","meta":{"ngg_post_thumbnail":0,"_s2mail":""},"_links":{"self":[{"href":"http:\/\/www.jazzpiestany.sk\/index.php?rest_route=\/wp\/v2\/pages\/53"}],"collection":[{"href":"http:\/\/www.jazzpiestany.sk\/index.php?rest_route=\/wp\/v2\/pages"}],"about":[{"href":"http:\/\/www.jazzpiestany.sk\/index.php?rest_route=\/wp\/v2\/types\/page"}],"author":[{"embeddable":true,"href":"http:\/\/www.jazzpiestany.sk\/index.php?rest_route=\/wp\/v2\/users\/1"}],"replies":[{"embeddable":true,"href":"http:\/\/www.jazzpiestany.sk\/index.php?rest_route=%2Fwp%2Fv2%2Fcomments&post=53"}],"version-history":[{"count":7,"href":"http:\/\/www.jazzpiestany.sk\/index.php?rest_route=\/wp\/v2\/pages\/53\/revisions"}],"predecessor-version":[{"id":1411,"href":"http:\/\/www.jazzpiestany.sk\/index.php?rest_route=\/wp\/v2\/pages\/53\/revisions\/1411"}],"wp:attachment":[{"href":"http:\/\/www.jazzpiestany.sk\/index.php?rest_route=%2Fwp%2Fv2%2Fmedia&parent=53"}],"curies":[{"name":"wp","href":"https:\/\/api.w.org\/{rel}","templated":true}]}}